*3 + 2 - 3*u + 25*u**3 + 30*u**3. Calculate o(i).
11
Let g(h) be the third derivative of 105*h**2 + 0*h + 0 - 13/24*h**4 + 0*h**3. Determine g(1).
-13
Let m(z) = z**2 + 7*z - 5. Let s(y) = y**3 - 6*y**2 - 3*y + 11. Let c be s(8). Suppose -r + c = 123. Give m(r).
3
Let i(h) = 2*h**2 + h + 572 + 569 - 1726 + 577 + h**3. Determine i(-4).
-44
Suppose 15*p - 825 + 762 = 2*c, -3*p - 3*c + 33 = 0. Let w(v) = 5 - 4*v - 3 - v**3 + 6*v**2 - 4. Give w(p).
3
Let k = -1350 - -1352. Let u be 2 + (-1 - -2)/(-1). Let f(w) = -5*w - 5. Let l(c) = 1. Let g(z) = k*l(z) + u*f(z). Give g(3).
-18
Let v(z) = 4 + 7 + 9*z - 10*z - 9 + 15. Suppose 2*i - 2*g - 7 = g, -2*g - 12 = -2*i. Calculate v(i).
6
Let b(h) be the third derivative of h**5/3 + h**4/6 - h**3/2 - 3107*h**2 + 2. Give b(2).
85
Let d(q) = -17*q**2 - 183*q + 284. Let z(j) = -3*j**2 - 33*j + 51. Let v(k) = 5*d(k) - 28*z(k). Let y = -15 - -23. Calculate v(y).
0
Let z(f) be the first derivative of f**3/3 + 11*f**2/2 - 6*f - 14442. What is z(-12)?
6
Let y = -51 - -53. Suppose -a = -2*k - 2, -a + 15 = y*a + 3*k. Let t(n) = -8*n - n - 1 - 6 - n**2 + a. Give t(-6).
15
Let u(w) = -2*w**3 - 28*w**2 - 25*w + 19. Suppose 104*f + 997 - 2960 = 255*f. Calculate u(f).
6
Let g(a) = a**2 + 5*a + 3. Suppose 5*s - 9*s - l - 20 = 0, 0 = 4*s + 2*l + 16. Let m be s/39 - (-408)/(-221). Calculate g(m).
-3
Let t(r) = r**3 + 39*r**2 - 126*r - 15. Suppose -2503*g + 122 = -2506*g + 4*k, 3*g - 2*k = -124. Give t(g).
-15
Let n(c) = c**3 + 7*c**2 + 7*c + 2. Suppose 0 = -10*k - 118 + 218. Suppose 4*r + 2*a + 18 = 0, 0 = 7*r - k*r + a - 21. What is n(r)?
-4
Let k(z) = z**3 - 2*z**2 - 8*z + 9. Let s(u) = -6*u - 172. Let t be s(-29). Suppose 0*a + 12 = t*q - a, -4*q + 3*a = -28. Give k(q).
9
Suppose 5*u - 8 = -m, 4*m + 4*u - 7 = 9*u. Let y(l) = -5*l - 2*l + 11*l - m*l - 1. What is y(-8)?
-9
Suppose -3*n + 4*i = -69 - 29, -n + 50 = 3*i. Suppose 32*r - 18 = n*r. Let b(x) be the first derivative of -x**3/3 + x**2 + x + 1. Calculate b(r).
-14
Let t(i) = -2*i**2 - 2*i + 9. Suppose -11*q = 164 - 87. Determine t(q).
-75
Let v(g) = -150*g + 2390. Let a be v(16). Let y(z) = 2*z**2 + 23*z - 5. Determine y(a).
-35
Let l = 9930 - 9936. Let k(b) = 2*b + 35. What is k(l)?
23
Let s(l) = -1768*l + 893*l + 1 + 23 + 872*l - 4. Let d be (-17 - 1)*10/(-20). What is s(d)?
-7
Let c(r) be the second derivative of 191*r + 0 - 6*r**2 + 1/12*r**4 - 3/2*r**3. Determine c(11).
10
Let d = -21 + 21. Suppose 4*r + r + 20 = d. Let h(p) = -153 - 159 - 154 - p**2 + 461 + 6*p + 2*p**2. Calculate h(r).
-13
Let x(s) be the second derivative of s**6/720 - 85*s**4/12 - 162*s. Let b(f) be the third derivative of x(f). Calculate b(7).
7
Let f(h) = -h**3 + 2*h**2 - 2*h. Let k(b) = 2*b + 20. Suppose 6 = -z + 3*z. Let i be k(z). Suppose -2 + i = 12*o. Calculate f(o).
-4
Let t(o) = -o**3 - o**2 - 3. Let c be 22*((-14)/4 + 4). Let r be c*(-3)/6 + 20/8. What is t(r)?
15
Let p(f) = 4*f**2 - 3*f - 4. Let k(n) = -21*n**2 + 15*n + 20. Let a(r) = -2*k(r) - 11*p(r). Suppose 0 = 5*w + 801 - 786. Determine a(w).
-23
Let h(f) = -7*f - 3. Let o be (-1)/(381/(-54) + 7). Suppose 202*r - 193*r + o = 0. Give h(r).
11
Let s(o) = 20*o**2 + 132*o + 112. Let h(c) = -2*c**2 - 13*c - 11. Let p(g) = 21*h(g) + 2*s(g). Determine p(-4).
-3
Let t = 250 - -19. Let j = 264 - t. Let p(v) = -v**2 - 2*v + 3. Determine p(j).
-12
Let g be (6 - 1)*9*(-6)/(-135). Let j(k) = -1 + 175*k**g - 178*k**2 + 0 - k**3. What is j(-3)?
-1
Let n(t) = 3*t**3 - 9*t**2 + 6*t + 7. Let h(l) = l**3 - l**2 + l + 1. Let w(z) = 4*h(z) - n(z). Let r = -69 + 99. Let v be r/135 - 141/27. Determine w(v).
7
Let o(f) = 16*f**2 + 54*f + 4. Let l be o(-3). Let g(a) = -a**3 - 14*a**2 + a + 12. What is g(l)?
-2
Let t(v) = -v + 9. Let y be t(7). Let a = -1 - y. Let p(l) = 17 - 4 - l**3 - 608*l + 605*l - 13 - 3*l**2. Calculate p(a).
9
Suppose -n + 5*z + 54 = 0, -14 = -279*n + 282*n + z. Suppose 5 = 5*x - 5. Let g(u) = -3*u**x - u - 8*u**2 + 2*u. Determine g(n).
-12
Let d(p) = 42*p - 86. Let z(m) = -38*m + 3384. Let t be z(89). Calculate d(t).
-2
Let q(v) = 46*v + 4 + 0 + 45*v - 89*v. Suppose 0 = -2*c - 15 + 1. Calculate q(c).
-10
Suppose -2*v = -4*v + 8. Let k(x) = -3*x**2 + x + 1. Let w(u) = -2*u**2 + u. Let m(d) = v*w(d) - 3*k(d). Suppose -333*j = -363*j. What is m(j)?
-3
Let h(w) = w**2 + 15*w + 23. Let t be (4/18*3)/((-11)/(-5511)). Let r = t - 347. Calculate h(r).
-3
Let x(n) = n**3 - n**2 + 14*n - 13. Suppose -3*j + 1 = -2*v, 171*v = -2*j + 169*v + 4. Determine x(j).
1
Let s(x) be the first derivative of 3*x**2 - 30*x - 1229. Calculate s(7).
12
Let n(u) = -u**2 + u - 24. Let v be 35 + 2*2/(-4). Suppose 22*o + 22*o - 1667 + 39 = 0. Suppose v*g = o*g. Calculate n(g).
-24
Let a(z) = -4*z**2 - 16*z + 49. Let m(j) = -3*j**2 - 16*j + 28. Let f(c) = 2*a(c) - 3*m(c). Determine f(-1).
-1
Let z = 5914 + -5890. Let q(j) = j**3 - 25*j**2 + 25*j - 24. Give q(z).
0
Let i(v) = v**2 + 15*v + 47. Suppose 38 = -2*b - 4*k, -3 - 3 = 2*b - 4*k. Give i(b).
3
Let r be 2*(-1)/3 + (-119)/(-21). Suppose r*t + 4 - 9 = 0. Let j(z) = -26*z - 32*z + 57*z - z**3 + 2 + t. Determine j(0).
3
Let u = 179 - -35. Let i = u + -50. Let h(p) = 1 + 4*p + i*p**2 + 0 - 163*p**2. What is h(-5)?
6
Suppose -69 = -5*s + 6. Let q be 131/8 + s/(-40). Let l(b) = -b**2 + 15*b + 19. Give l(q).
3
Let g = -70 + 61. Let a be 20*((-36)/16)/g. Let v(r) = -1. Let i(w) = -w - 2. Let l(s) = 4*i(s) - 12*v(s). What is l(a)?
-16
Let q(n) = -4*n**3 + 2*n**2 + 3*n + 1. Let t = 4152 - 4153. Give q(t).
4
Let x(t) = t**2 + 6*t + 5. Let v be (-135)/9*2*2/6. Let z be (-1)/(8/(-6)) + v/(-8). Let a be z/4 + (-9)/2. Determine x(a).
-3
Let l(k) = 11*k - 21. Let s(h) = -7*h + 14. Let c(p) = p**2 + 23*p - 37. Let r be c(-23). Let q = r + 29. Let a(w) = q*s(w) - 5*l(w). Determine a(0).
-7
Let x(k) = -6*k**2 + 5*k + 3. Let d(v) = v**2 - 1. Suppose -108 = 12*a - 14*a. Let n = a - 49. Let j(g) = n*d(g) + x(g). Give j(3).
4
Let p = 6673 - 6672. Suppose -3 = 2*g + 1. Let l(m) = m. Let a(k) = 16*k - 1. Let h(n) = g*l(n) + p*a(n). What is h(-2)?
-29
Suppose 158*n = 154*n + 8. Let s(m) = -2*m + 10*m**n + 5 + 4 - 6 - 4. Let l(a) = -2*a + 1. Let f be l(1). Give s(f).
11
Suppose 26 = -2*s + 3*x + 108, 172 = 4*s - 2*x. Let t = s - 41. Let c(r) = 7 + 2*r + 6*r**t - 5*r**3 - 12*r**2 + 6*r**2. Give c(5).
-8
Suppose 9*c + 26 = -5 - 32. Let z(i) = -i**3 - 7*i**2 - 6*i - 12. Determine z(c).
30
Let f(r) = -3*r**2 - 6*r + 5. Let s be 80/18 + -11*(-60)/(-1485). Determine f(s).
-67
Let d(b) = 7*b - 83. Let s(y) = 29*y + 388. Let r be s(-13). Give d(r).
-6
Let k(w) be the second derivative of 7/12*w**4 - 1/20*w**5 + 7/2*w**2 - 5/6*w**3 + 0 + 28*w. What is k(6)?
13
Let a be 2 + ((-36)/(-15) - (-16)/(-40)). Suppose 0 = -5*y - a*y + 9. Let f(m) be the third derivative of -m**4/3 - m**2. Give f(y).
-8
Let r(k) = k**3 - 7*k**2 + 2. Let i(x) = 3*x**2 + 113*x + 187. Let u be i(-36). Determine r(u).
2
Let v(s) = -2*s**2 + 36. Suppose 0 = -14*g + 31*g + 68. Let r be v(g). Let y(t) = -t**2 + 9*t + 1. What is y(r)?
21
Let x = 394 - 399. Let r(m) be the first derivative of -1/3*m**3 - 3 - m**2 - 2*m. What is r(x)?
-17
Let q(i) = -8*i - 5. Let j be (40/22 - 0) + 218/1199. Calculate q(j).
-21
Let x(u) = -12 + 36*u**2 - 5*u**2 - 13*u**2 + 43*u - 8*u**2 - 6*u**2. Give x(-11).
-1
Let m(p) = 17*p**3 + 22*p**3 - 57*p**3 - 8*p**2 - 13 - 4*p**2 + 30*p + 19*p**3. Give m(9).
14
Suppose 5*y - 8*y - 15*y - 54 = 0. Let b(k) = -4*k + 9. What is b(y)?
21
Suppose 24 = -2*z - 12. Let p(w) = -5*w - 89. Let c be p(z). Let o(d) = 3*d**3 + 2*d**2 - d. Determine o(c).
4
Let v(o) = 157*o**2 + 162*o**2 - 475*o**2 + 157*o**2. Calculate v(-2).
4
Let z(p) = 2*p**2 - 82*p + 769. Let v be z(13). Let d(x) be the third derivative of -1/2*x**3 + 1/12*x**4 - v*x**2 + 0 - 1/30*x**5 + 0*x. What is d(2)?
-7
Suppose 5*b + 247 = 18*b. Let a(v) = -12 - 20*v - b*v + 74*v - 17*v - 20*v. Let h be (0 - -1) + 0 + -9. Determine a(h).
4
Let l(h) = -5 - 8*h - h**3 + 0*h**3 + 3*h + 6*h**2. Let t = 398 + -234. Let u = t + -159. Determine l(u).
-5
Let j(m) = -7*m + 10. Let o(p) = -2*p. Let s = 175 + -178. Let f(h) = s*o(h) + j(h). Let x(g) = 2*g**2 + g + 2. Let c be x(-2). Calculate f(c).
2
Suppose 0 = -0*r - 5*r + 15. Let i(w) = -5*w**2 + 11*w - 8 - w - 4*w**r + 3*w**3 - 6*w. Let x = -13 - -7. Calcula